 + 6, -4*r = -4. Let t(z) = 88*z - 17. What is the tens digit of t(l)?
5
What is the tens digit of 2/14 + ((-618758)/(-98) - -8)?
2
Let m(c) = -3*c - 11. Let w be m(-4). Let h be (4 + w + 92)*-2. Let x = 272 + h. What is the units digit of x?
8
What is the thousands digit of -20 + -2384*18/(-18)?
2
Suppose 0 = -12*b - 26412 + 84456. What is the units digit of b?
7
Suppose a + 47 = 28. Let q = a - -20. What is the tens digit of -3 + -2 + 3 + q*96?
9
Let m = -11968 - -20409. What is the thousands digit of m?
8
Let f(p) be the first derivative of -p**4/4 + 6*p**3 + 13*p**2/2 - 24*p - 35. What is the units digit of f(18)?
0
Let f be -1 - (1 + (-373 - 1))*1. Suppose 3*o = f + 300. What is the units digit of o?
4
Suppose 4*w + 11 = 5*l, -4*l + 25 = -8*w + 3*w. What is the units digit of (-3)/w + 10661/21?
8
Let p(t) = 12*t**2 + 3*t + 8. Let b be p(5). Let z = b + -142. Suppose -3*d + 268 = 5*j + 7, -2*d + z = j. What is the tens digit of d?
9
Let a be 0*4*5/(-60) - -2. Suppose 3*w = a*f - 901, -f + w + 231 = -217. What is the units digit of f?
3
Let g be (-3 + 2 + 2)*151. Let o be 36/(-15)*30/12. What is the units digit of g*o/(-54) - (-4)/18?
7
Suppose -i = -5*a - 0*a + 100857, 0 = 4*a + 3*i - 80659. What is the ten thousands digit of a?
2
Let p(r) = -575*r - 1578. What is the units digit of p(-11)?
7
What is the tens digit of (-3 + -1)/(((-35)/14810)/7)?
4
Suppose -4363 = 57*k - 24313. What is the tens digit of k?
5
Let h(u) = -4*u**2 + 26*u - 49. Let s be h(6). Let x(n) = -3*n + 6. Let z be x(-5). Let a = z - s. What is the units digit of a?
8
Let q(o) = -23*o + 20. Let r be q(4). Let x = r - -87. Let n = x + 59. What is the tens digit of n?
7
Let r = 45 + -45. Suppose -2*o + 250 + 24 = r. Let k = o + 33. What is the units digit of k?
0
Let o = 23 - 20. Let x(y) = 16*y**2 + 16*y - 5*y**2 - 6 - y**o + 26. What is the tens digit of x(12)?
6
Suppose 4*p - p = 5820. Suppose 0 = 15*a - 10*a - 5*r - 2465, 4*r - p = -4*a. What is the tens digit of a?
8
Suppose 2*a + 1346 = -544. Let l = 1445 + a. Suppose 9*v - l = 4*v. What is the units digit of v?
0
Let l(g) = 32*g - 4. Let v(x) = x**2 + 14*x + 51. Let m be v(-6). Let t be l(m). Suppose 29*i - 30*i = -t. What is the tens digit of i?
9
Let v(g) = -89*g + 799. What is the tens digit of v(-36)?
0
Let i(d) = d - 12. Let a be i(3). Let s be (-27)/6*12/a. What is the tens digit of 313/s - 1*(-2)/(-12)?
5
Suppose 39*n - 689833 = 366771 - 347584. What is the thousands digit of n?
8
What is the tens digit of (-144578)/(-5) - 259/(-2220)*12?
1
Let g(p) = 4916*p**2 + 8*p + 11. What is the hundreds digit of g(-1)?
9
Let z(q) = -168*q + 3675. What is the units digit of z(-71)?
3
Suppose -38 = -3*x + 6*p - 5*p, -3*p = -5*x + 66. What is the units digit of (-132657)/(-126) - 10/x?
2
Suppose 3*g = 2*a + 66 - 268, a = 3*g + 101. Let n = a - 76. Suppose i - 50 = -3*f, 4*f = -i + n + 27. What is the tens digit of i?
4
Let j be ((-264)/14)/(5 + (-3009)/595). Let m = 0 - 0. Suppose 5*p = -5*o - m*p + j, -4*p = 2*o - 138. What is the units digit of o?
3
Suppose 1708 = 5*j - 487. Suppose -3*z + 446 = -j. Let n = z - 116. What is the tens digit of n?
7
Let z(s) = 57*s**2 - 76*s + 840. What is the thousands digit of z(17)?
6
Suppose 3*v = -8*v - 220. Let z = 15 + v. What is the units digit of z + 126 - 0 - -4?
5
Suppose 0 = 3*w + 4*u + 11, 23*w - 3*u - 3 = 27*w. Suppose w*c = -4*b + 2213, -3*b + 4*c = -7*b + 2216. What is the hundreds digit of b?
5
Let x = 158 + -12. Let r = x - 52. Suppose -78 = -2*n + r. What is the tens digit of n?
8
Let r be (-1*(-1)/1)/(8/96). Suppose 20*a - r*a = 2840. What is the tens digit of a?
5
Suppose 15*d = 128 - 8. Suppose -7*a = -d*a + 618. What is the tens digit of a?
1
Let s(r) = 2*r**3 - r**2 - r + 4. Suppose -3*f - 7 + 0 = -4*n, -f - n - 14 = 0. Let x be 2 + 2/5 + f/(-15). What is the units digit of s(x)?
6
Let w = -407 + 412. Suppose -w*y = -5, -l - 3*y = y - 321. What is the hundreds digit of l?
3
Let k(m) = -2*m**3 + 7*m**2 - 7*m + 8. Let c be k(4). Let b be 1/3 + (-4)/(c/825). Let o = 130 - b. What is the tens digit of o?
3
Let p(b) = -6*b. Let i be p(0). Suppose -4*h + 20 = 0, i*z = 5*z + 2*h - 95. Suppose -z*u - 28 = -24*u. What is the units digit of u?
4
What is the tens digit of 32437 + 1 + 16/10 + 102/(-170)?
3
Let o = 5488 - 793. What is the thousands digit of o?
4
Let x(v) = -23*v - 7 + 4*v - 5. Let m be (-1 - -3) + (-18)/(-3 + 5). What is the tens digit of x(m)?
2
Let j = -3 - 3. Let w(s) = -2*s**2 - 10. Let o(k) = -k**2 - 5. Let a(t) = j*w(t) + 11*o(t). What is the tens digit of a(4)?
2
Let m(b) = b - 1. Let o be -1 + 0 - -12 - -1. Suppose 0 = j - o + 6. What is the units digit of m(j)?
5
Suppose -3*a - p = -60961, 3*p = -21 + 24. What is the tens digit of a?
2
Let a = 95301 + -27242. What is the thousands digit of a?
8
Let p(r) = -12 - 14 - r + 5 + 2*r**2. Let x be p(-4). Suppose -x*v + 12*v + 171 = 0. What is the units digit of v?
7
Suppose 0 = -3*n - 4932 - 1095. Let i = n - -2830. What is the tens digit of i?
2
What is the hundreds digit of -9 + 14 - 0 - -6229?
2
Let m(z) = -220*z + 3817. What is the ten thousands digit of m(-138)?
3
Suppose 170 = 5*v - 2*y + y, 0 = 5*v + y - 160. Suppose -2*u + v + 39 = 0. Suppose 5*t = u + 69. What is the units digit of t?
1
Suppose 308*m - 7993129 = 946263. What is the units digit of m?
4
Suppose 10*f - 148992 = -33862. What is the units digit of f?
3
Let m = -13160 + 22564. What is the tens digit of m?
0
Let y = 408 - 717. What is the tens digit of 12/(-20)*(y - -14)?
7
Suppose -329*s + 280350 = -154*s. What is the thousands digit of s?
1
Let k(m) = -3*m**3 - 4*m**2 + m. Let d be k(-4). Suppose -2*l = -5*t - 4 + d, 2*t = -4*l + 24. Let s = 95 - t. What is the units digit of s?
3
Suppose 8295 = 3*d - n, 3*d - 13052 = -2*n - 4766. What is the units digit of d?
4
Let o = 87156 + -58798. What is the units digit of o?
8
Let b(m) = -6 + 9*m + m**3 + 4*m**2 - 6*m**2 - 10*m. Let d be b(0). Let c = -2 - d. What is the units digit of c?
4
Let h(g) = g**3 - 6*g**2 - 9*g + 19. Let m(y) = -4*y + 7. Let f be m(0). What is the units digit of h(f)?
5
Let s = 4710 + -561. What is the tens digit of s?
4
What is the hundreds digit of (-1 + 21/15)/(14*1/9590)?
2
Let r = -202 + 476. Let t = -94 + r. What is the units digit of t?
0
Let b(c) = -10*c**3 - 3*c - 11. Let r(n) = -29*n**3 + n**2 - 9*n - 34. Let w(o) = -7*b(o) + 2*r(o). What is the units digit of w(4)?
1
Let l(m) = 90*m**2 - 2*m + 7. Let w(p) = -p. Let o(v) = l(v) + 3*w(v). What is the tens digit of o(2)?
5
Let f = 52 - 49. Suppose -2*a + 20 = -5*k, -4*a + f*a - k = -10. Suppose a*h = 15*h - 165. What is the tens digit of h?
3
Let f(j) = -j**3 + 12*j**2 - 28*j + 27. Let l be f(16). Let b = -229 - l. What is the hundreds digit of b?
2
Let g be (-3)/(-2)*28/21. Suppose -g*d + 324 = -2*n, -d + 162 = -4*n - 0*n. Let k = -88 + d. What is the tens digit of k?
7
Suppose -2*y - 3*j = -7584, -y - 3*j + 2569 = -1217. What is the hundreds digit of y?
7
Suppose -2*q - 4*g = -96, 144 = q + 2*q - 2*g. Suppose -49*t = -q*t - 443. What is the tens digit of t?
4
Let c = 1098 - -1092. Suppose 0 = 3*x + 4*r - 1162 - 166, -5*x = -5*r - c. What is the units digit of x?
0
Let u(d) = d**2 - 10*d + 9. Let y be u(9). Let f(m) = m**3 + m**2 + 3. Let a be f(y). What is the units digit of (16/a)/(((-17)/(-6))/17)?
2
Let g be (2/7 + 2/(-7))/(-2). Suppose g = 5*u + u. Let p(r) = -2*r + 60. What is the tens digit of p(u)?
6
Let n(o) = 218 + 50 + 69 + 25*o. What is the hundreds digit of n(-8)?
1
What is the units digit of 1272*(-28)/90*-5*6?
2
What is the thousands digit of -1 - 16/(-10) - (0 - (-2897140)/(-100))?
8
Suppose 30*k - 25*k + 425 = 0. Let j = 105 + k. What is the units digit of j?
0
Suppose 3*f = 5*t - 135939, -4*f = -20*t + 23*t - 81575. What is the tens digit of t?
8
Let s(n) = 2013*n - 316. What is the thousands digit of s(4)?
7
Let u(b) = -2*b + 1. Let s be u(-4). Let m(l) be the third derivative of -l**5/60 + 3*l**4/8 + 5*l**3/2 - 2*l**2 + 645. What is the tens digit of m(s)?
1
Suppose 73091 = 2*n - 3*c, c - 9985 = -n + 26563. What is the thousands digit of n?
6
Let y be (77/(-4))/(3 + 88/(-32)). What is the hundreds digit of ((-1968)/(-28))/((-11)/y)?
4
Let u(l) = -15*l**2 + 18*l + 19. Let a be u(-1). What i